{"id":83,"date":"2018-01-16T14:41:41","date_gmt":"2018-01-16T14:41:41","guid":{"rendered":"https:\/\/www.prelud.hu\/?page_id=83"},"modified":"2018-01-16T14:43:53","modified_gmt":"2018-01-16T14:43:53","slug":"baksay-ildiko","status":"publish","type":"page","link":"https:\/\/www.prelud.hu\/index.php\/baksay-ildiko\/","title":{"rendered":"Baksay Ildik\u00f3"},"content":{"rendered":"<p><img loading=\"lazy\" decoding=\"async\" class=\"wp-image-84 alignleft\" src=\"https:\/\/www.prelud.hu\/wp-content\/uploads\/2018\/01\/Ildi.jpg\" alt=\"\" width=\"184\" height=\"297\" \/><\/p>\n<p>1995.szeptember 1-j\u00e9n kezdtem tan\u00edtani a Solti Gy\u00f6rgy Zeneiskol\u00e1ban, Budapesten. Gyermekeim sz\u00fclet\u00e9se ut\u00e1n, 2005-2006 k\u00f6z\u00f6tt megb\u00edz\u00e1si szerz\u0151d\u00e9ssel, 2008. szeptember 1. \u00f3ta kinevez\u00e9ssel dolgozom sz\u00fcl\u0151v\u00e1rosomban, a Bicskei Prel\u00fadium Alapfok\u00fa M\u0171v\u00e9szeti Iskol\u00e1ban fuvola tan\u00e1rk\u00e9nt. 2012-ben igazgat\u00f3 helyettes lettem, az\u00f3ta 6 fuvol\u00e1s n\u00f6vend\u00e9k zenei fejl\u0151d\u00e9s\u00e9t seg\u00edtem.<\/p>\n<p>&nbsp;<\/p>\n<p>&nbsp;<\/p>\n<hr \/>\n<p><strong>2011.02.01-2012.12.08<\/strong><br \/>\nszakvizsg\u00e1zott pedag\u00f3gus, k\u00f6zoktat\u00e1si vezet\u0151<br \/>\nBudapesti M\u0171szaki \u00e9s Gazdas\u00e1gtudom\u00e1nyi Egyetem Gazdas\u00e1g- \u00e9s T\u00e1rsadalomtudom\u00e1nyi Kar<\/p>\n<p><strong>1992.szeptember 1-1996.06.28.<\/strong><br \/>\nfuvolatan\u00e1r<br \/>\nLiszt Ferenc Zenem\u0171v\u00e9szeti F\u0151iskola Gy\u0151ri \u00e9s Budapesti Tagozata<\/p>\n<p><strong>1988-1992.<\/strong><br \/>\nk\u00f6z\u00e9pfok\u00fa zen\u00e9sz<br \/>\nBart\u00f3k B\u00e9la Zenem\u0171v\u00e9szeti Szakk\u00f6z\u00e9piskola ,V\u00e1c<\/p>\n<p><strong>1980-1988<\/strong><br \/>\n2.sz. \u00c1ltal\u00e1nos Iskola, Bicske, Zeneiskola Bicske<\/p>\n<p>&nbsp;<\/p>\n","protected":false},"excerpt":{"rendered":"<p>1995.szeptember 1-j\u00e9n kezdtem tan\u00edtani a Solti Gy\u00f6rgy Zeneiskol\u00e1ban, Budapesten. Gyermekeim sz\u00fclet\u00e9se ut\u00e1n, 2005-2006 k\u00f6z\u00f6tt megb\u00edz\u00e1si szerz\u0151d\u00e9ssel, 2008. szeptember 1. \u00f3ta kinevez\u00e9ssel dolgozom sz\u00fcl\u0151v\u00e1rosomban, a Bicskei Prel\u00fadium Alapfok\u00fa M\u0171v\u00e9szeti Iskol\u00e1ban fuvola tan\u00e1rk\u00e9nt. 2012-ben igazgat\u00f3 helyettes lettem, az\u00f3ta 6 fuvol\u00e1s n\u00f6vend\u00e9k zenei fejl\u0151d\u00e9s\u00e9t seg\u00edtem. &nbsp; &nbsp; 2011.02.01-2012.12.08 szakvizsg\u00e1zott pedag\u00f3gus, k\u00f6zoktat\u00e1si vezet\u0151 Budapesti M\u0171szaki \u00e9s Gazdas\u00e1gtudom\u00e1nyi Egyetem Gazdas\u00e1g- [&hellip;]<\/p>\n","protected":false},"author":2,"featured_media":0,"parent":0,"menu_order":0,"comment_status":"closed","ping_status":"closed","template":"","meta":{"footnotes":""},"class_list":["post-83","page","type-page","status-publish","hentry"],"_links":{"self":[{"href":"https:\/\/www.prelud.hu\/index.php\/wp-json\/wp\/v2\/pages\/83","targetHints":{"allow":["GET"]}}],"collection":[{"href":"https:\/\/www.prelud.hu\/index.php\/wp-json\/wp\/v2\/pages"}],"about":[{"href":"https:\/\/www.prelud.hu\/index.php\/wp-json\/wp\/v2\/types\/page"}],"author":[{"embeddable":true,"href":"https:\/\/www.prelud.hu\/index.php\/wp-json\/wp\/v2\/users\/2"}],"replies":[{"embeddable":true,"href":"https:\/\/www.prelud.hu\/index.php\/wp-json\/wp\/v2\/comments?post=83"}],"version-history":[{"count":3,"href":"https:\/\/www.prelud.hu\/index.php\/wp-json\/wp\/v2\/pages\/83\/revisions"}],"predecessor-version":[{"id":88,"href":"https:\/\/www.prelud.hu\/index.php\/wp-json\/wp\/v2\/pages\/83\/revisions\/88"}],"wp:attachment":[{"href":"https:\/\/www.prelud.hu\/index.php\/wp-json\/wp\/v2\/media?parent=83"}],"curies":[{"name":"wp","href":"https:\/\/api.w.org\/{rel}","templated":true}]}}

Baksay Ildikó

<p><img loading="lazy" decoding="async" class="wp-image-84 alignleft" src="https://www.prelud.hu/wp-content/uploads/2018/01/Ildi.jpg" alt="" width="184" height="297" /></p>
<p>1995.szeptember 1-jén kezdtem tanítani a Solti György Zeneiskolában, Budapesten. Gyermekeim születése után, 2005-2006 között megbízási szerződéssel, 2008. szeptember 1. óta kinevezéssel dolgozom szülővárosomban, a Bicskei Prelúdium Alapfokú Művészeti Iskolában fuvola tanárként. 2012-ben igazgató helyettes lettem, azóta 6 fuvolás növendék zenei fejlődését segítem.</p>
<p>&nbsp;</p>
<p>&nbsp;</p>
<hr />
<p><strong>2011.02.01-2012.12.08</strong><br />
szakvizsgázott pedagógus, közoktatási vezető<br />
Budapesti Műszaki és Gazdaságtudományi Egyetem Gazdaság- és Társadalomtudományi Kar</p>
<p><strong>1992.szeptember 1-1996.06.28.</strong><br />
fuvolatanár<br />
Liszt Ferenc Zeneművészeti Főiskola Győri és Budapesti Tagozata</p>
<p><strong>1988-1992.</strong><br />
középfokú zenész<br />
Bartók Béla Zeneművészeti Szakközépiskola ,Vác</p>
<p><strong>1980-1988</strong><br />
2.sz. Általános Iskola, Bicske, Zeneiskola Bicske</p>
<p>&nbsp;</p>

<p>1995.szeptember 1-jén kezdtem tanítani a Solti György Zeneiskolában, Budapesten. Gyermekeim születése után, 2005-2006 között megbízási szerződéssel, 2008. szeptember 1. óta kinevezéssel dolgozom szülővárosomban, a Bicskei Prelúdium Alapfokú Művészeti Iskolában fuvola tanárként. 2012-ben igazgató helyettes lettem, azóta 6 fuvolás növendék zenei fejlődését segítem. &nbsp; &nbsp; 2011.02.01-2012.12.08 szakvizsgázott pedagógus, közoktatási vezető Budapesti Műszaki és Gazdaságtudományi Egyetem Gazdaság- [&hellip;]</p>
